{"id":371,"date":"2024-06-21T10:55:31","date_gmt":"2024-06-21T15:55:31","guid":{"rendered":"https:\/\/turnerconstrucciones.com\/?post_type=product&#038;p=371"},"modified":"2024-06-22T10:06:21","modified_gmt":"2024-06-22T15:06:21","slug":"angulo-de-cuelga","status":"publish","type":"product","link":"https:\/\/turnerconstrucciones.com\/index.php\/producto\/angulo-de-cuelga\/","title":{"rendered":"\u00c1NGULO DE CUELGA"},"content":{"rendered":"<p>Dise\u00f1ados en forma de L, para usos como cuelga r\u00edgida<\/p>\n<p><strong>CARACTER\u00cdSTICAS<\/strong><i class=\"fa fa-check-circle\"><\/i><\/p>\n<ul>\n<li><i class=\"fa fa-check-circle\"><\/i>\u00a0Mayor estabilidad y resistencia.<\/li>\n<li><i class=\"fa fa-check-circle\"><\/i>Son formados con acero estructural y comercial.<\/li>\n<\/ul>\n<p><strong>APLICACIONES<\/strong><\/p>\n<p>Utilizable Para cielos rasos.<\/p>\n","protected":false},"excerpt":{"rendered":"<p>Dise\u00f1ados en forma de L, para usos como cuelga r\u00edgida<\/p>\n<p><strong>CARACTER\u00cdSTICAS<\/strong><i class=\"fa fa-check-circle\"><\/i><\/p>\n<ul>\n<li><i class=\"fa fa-check-circle\"><\/i>\u00a0Mayor estabilidad y resistencia.<\/li>\n<li><i class=\"fa fa-check-circle\"><\/i>Son formados con acero estructural y comercial.<\/li>\n<\/ul>\n<p><strong>APLICACIONES<\/strong><\/p>\n<p>Utilizable Para cielos rasos.<\/p>\n","protected":false},"featured_media":366,"comment_status":"open","ping_status":"closed","template":"","meta":{"_et_pb_use_builder":"","_et_pb_old_content":"","_et_gb_content_width":""},"product_brand":[],"product_cat":[26],"product_tag":[],"class_list":{"0":"post-371","1":"product","2":"type-product","3":"status-publish","4":"has-post-thumbnail","6":"product_cat-perfileria","8":"first","9":"instock","10":"shipping-taxable","11":"product-type-simple"},"_links":{"self":[{"href":"https:\/\/turnerconstrucciones.com\/index.php\/wp-json\/wp\/v2\/product\/371","targetHints":{"allow":["GET"]}}],"collection":[{"href":"https:\/\/turnerconstrucciones.com\/index.php\/wp-json\/wp\/v2\/product"}],"about":[{"href":"https:\/\/turnerconstrucciones.com\/index.php\/wp-json\/wp\/v2\/types\/product"}],"replies":[{"embeddable":true,"href":"https:\/\/turnerconstrucciones.com\/index.php\/wp-json\/wp\/v2\/comments?post=371"}],"wp:featuredmedia":[{"embeddable":true,"href":"https:\/\/turnerconstrucciones.com\/index.php\/wp-json\/wp\/v2\/media\/366"}],"wp:attachment":[{"href":"https:\/\/turnerconstrucciones.com\/index.php\/wp-json\/wp\/v2\/media?parent=371"}],"wp:term":[{"taxonomy":"product_brand","embeddable":true,"href":"https:\/\/turnerconstrucciones.com\/index.php\/wp-json\/wp\/v2\/product_brand?post=371"},{"taxonomy":"product_cat","embeddable":true,"href":"https:\/\/turnerconstrucciones.com\/index.php\/wp-json\/wp\/v2\/product_cat?post=371"},{"taxonomy":"product_tag","embeddable":true,"href":"https:\/\/turnerconstrucciones.com\/index.php\/wp-json\/wp\/v2\/product_tag?post=371"}],"curies":[{"name":"wp","href":"https:\/\/api.w.org\/{rel}","templated":true}]}}