{"id":495,"date":"2024-06-24T10:47:00","date_gmt":"2024-06-24T15:47:00","guid":{"rendered":"https:\/\/turnerconstrucciones.com\/?post_type=product&#038;p=495"},"modified":"2024-06-24T10:57:27","modified_gmt":"2024-06-24T15:57:27","slug":"adhesivo-ceramico-pegatek","status":"publish","type":"product","link":"https:\/\/turnerconstrucciones.com\/index.php\/producto\/adhesivo-ceramico-pegatek\/","title":{"rendered":"ADHESIVO CERAMICO PEGATEK"},"content":{"rendered":"<p>ADHESIVO CER\u00c1MICO PEGATEK\u00ae es una mezcla adhesiva ideal para la instalaci\u00f3n de revestimientos cer\u00e1micos de alta absorci\u00f3n, en pisos formulado en base cemento portland, arenas seleccionadas y aditivos que mejoran la adherencia y le aporten excelente manejabilidad y desempe\u00f1o.<\/p>\n","protected":false},"excerpt":{"rendered":"<p><strong>USOS RECOMENDADOS:<\/strong><\/p>\n<section class=\"elementor-section elementor-inner-section elementor-element elementor-element-2b7a54a elementor-section-boxed elementor-section-height-default elementor-section-height-default\" data-id=\"2b7a54a\" data-element_type=\"section\">\n<div class=\"elementor-container elementor-column-gap-no\">\n<div class=\"elementor-column elementor-col-100 elementor-inner-column elementor-element elementor-element-15cb594a\" data-id=\"15cb594a\" data-element_type=\"column\" data-settings=\"{&quot;animation&quot;:&quot;none&quot;}\">\n<div class=\"elementor-widget-wrap elementor-element-populated\">\n<div class=\"elementor-element elementor-element-37bb916e animated-fast elementor-widget elementor-widget-aheto_heading animated fadeIn\" data-id=\"37bb916e\" data-element_type=\"widget\" data-settings=\"{&quot;_animation&quot;:&quot;fadeIn&quot;,&quot;_animation_delay&quot;:200}\" data-widget_type=\"aheto_heading.default\">\n<div class=\"elementor-widget-container\">\n<div class=\"aheto-heading aheto-heading--main align-tablet-default align-mob-default aheto_heading_6679943c94fa1 \">\n<p class=\"aheto-heading__title \">Para la instalaci\u00f3n de revestimientos cer\u00e1micos de media o alta absorci\u00f3n, en pisos en zonas interiores y exteriores, sobre superficies tales como:<\/p>\n<\/div>\n<\/div>\n<\/div>\n<div class=\"elementor-element elementor-element-18ac532 elementor-widget elementor-widget-aheto_list\" data-id=\"18ac532\" data-element_type=\"widget\" data-widget_type=\"aheto_list.default\">\n<div class=\"elementor-widget-container\">\n<div class=\"aheto_list_6679943c96a33 aheto-list aheto-list--bullets\">\n<ul>\n<li>Morteros de nivelaci\u00f3n en cemento portland.<\/li>\n<li>Pa\u00f1etes o revoques en cemento portland.<\/li>\n<li>Prefabricados de cemento portland.<\/li>\n<li>Concreto con 28 d\u00ecas de curado<\/li>\n<\/ul>\n<p><strong>PRESENTACION:<\/strong><\/p>\n<p>Bulto 25KG<\/p>\n<\/div>\n<\/div>\n<\/div>\n<\/div>\n<\/div>\n<\/div>\n<\/section>\n","protected":false},"featured_media":497,"comment_status":"open","ping_status":"closed","template":"","meta":{"_et_pb_use_builder":"","_et_pb_old_content":"","_et_gb_content_width":""},"product_brand":[],"product_cat":[29],"product_tag":[],"class_list":{"0":"post-495","1":"product","2":"type-product","3":"status-publish","4":"has-post-thumbnail","6":"product_cat-complementos","8":"first","9":"instock","10":"shipping-taxable","11":"product-type-simple"},"_links":{"self":[{"href":"https:\/\/turnerconstrucciones.com\/index.php\/wp-json\/wp\/v2\/product\/495","targetHints":{"allow":["GET"]}}],"collection":[{"href":"https:\/\/turnerconstrucciones.com\/index.php\/wp-json\/wp\/v2\/product"}],"about":[{"href":"https:\/\/turnerconstrucciones.com\/index.php\/wp-json\/wp\/v2\/types\/product"}],"replies":[{"embeddable":true,"href":"https:\/\/turnerconstrucciones.com\/index.php\/wp-json\/wp\/v2\/comments?post=495"}],"wp:featuredmedia":[{"embeddable":true,"href":"https:\/\/turnerconstrucciones.com\/index.php\/wp-json\/wp\/v2\/media\/497"}],"wp:attachment":[{"href":"https:\/\/turnerconstrucciones.com\/index.php\/wp-json\/wp\/v2\/media?parent=495"}],"wp:term":[{"taxonomy":"product_brand","embeddable":true,"href":"https:\/\/turnerconstrucciones.com\/index.php\/wp-json\/wp\/v2\/product_brand?post=495"},{"taxonomy":"product_cat","embeddable":true,"href":"https:\/\/turnerconstrucciones.com\/index.php\/wp-json\/wp\/v2\/product_cat?post=495"},{"taxonomy":"product_tag","embeddable":true,"href":"https:\/\/turnerconstrucciones.com\/index.php\/wp-json\/wp\/v2\/product_tag?post=495"}],"curies":[{"name":"wp","href":"https:\/\/api.w.org\/{rel}","templated":true}]}}